 5673?
93
Suppose 5*z = -1 + 11. Suppose -y + z*y - 7 = 0. Let b be (3 - 18/y) + 327/21. Calculate the greatest common divisor of 56 and b.
8
Suppose 112*r + 1035 = a + 107*r, -5*a = -3*r - 5131. What is the greatest common divisor of a and 25?
25
Let p = -52 - -86. Suppose -11 = -5*f + p. Let w be 18 + (-8)/(-3)*f/(-6). Calculate the highest common divisor of 84 and w.
14
Let x(z) = z**3 - z**2 - 13*z - 56. Let t(v) = 8*v + 48. Let j be t(-5). Let l be x(j). What is the greatest common factor of l and 18?
18
Suppose 0 = 5*o - 5*y + 2*y + 782, 0 = o - 3*y + 166. Let x = -128 - o. Let d = 0 - -13. What is the greatest common divisor of d and x?
13
Suppose 2*u + z = -4, -u + 3*z + 3 = z. Let n be (2 + (-15)/6)/(u/74). Suppose 0 = -3*k + n + 8. Calculate the greatest common divisor of k and 60.
15
Let u(d) = 14*d - 7. Let b(i) = 28*i - 14. Let m(w) = -6*b(w) + 13*u(w). Let g be m(4). Let y = -66 - -73. What is the highest common factor of y and g?
7
Let v be 2/4 + 14/4. Let x = -500653 + 500707. Calculate the highest common factor of x and v.
2
Let o(x) = -x**3 - 9*x**2 - 13*x - 6. Let k be o(-9). Let f = k - 108. Suppose 3*c - 1 = 2*c, 3*c = f*d - 297. Calculate the greatest common factor of 60 and d.
20
Let o(s) = 247 - 2*s**2 + 3*s**2 - 134 - 34*s. Let j be o(31). Calculate the greatest common divisor of 12 and j.
4
Let o(k) = 342*k + 494. Let s be o(3). What is the greatest common factor of 32 and s?
16
Let c = 110 - 56. Suppose -3*i + 5*z = -c, 51 = 3*i - 0*i - 4*z. Let g = 157 - 53. What is the highest common divisor of i and g?
13
Suppose -5*z = 3*h - 15474 + 871, 0 = -3*z + 2*h + 8777. Calculate the greatest common divisor of z and 111.
37
Let p = 14809 + -14795. What is the highest common factor of p and 10633?
7
Suppose 3*x = -s + 721, -2103 = -3*s + 2*x + x. Let q = -325 + s. Calculate the highest common factor of q and 3.
3
Suppose 1647 = -175*m + 166*m. Let y = m + 201. What is the greatest common divisor of y and 63?
9
Let b(x) = 3*x - 72. Let j be b(20). Let i be j/(-14) + (-36)/(-7). Let t be 2 + (3 - (1 + 1)). What is the highest common divisor of t and i?
3
Let s = -2 - -3. Let k be (-1 + -25)/(-2*s). Let n be (-1)/(-3) - (-42446)/3351. Calculate the highest common factor of k and n.
13
Let q be -1*1 + (-54)/(-2). Let t be -17 + (-111)/(-6) + (-7)/2. Let y(i) = 41*i + 173. Let a be y(t). What is the greatest common factor of q and a?
13
Suppose 11*w - 16*w + 140 = 0. Suppose -w*g + 51 = -61. What is the highest common divisor of g and 16?
4
Let w(l) = -12*l**2 - 164*l + 61. Let b be w(-14). What is the highest common factor of 5905 and b?
5
Suppose 8*d = a + 5*d - 8, 2*d + 12 = 4*a. What is the greatest common divisor of a and 274?
2
Suppose 5*s = 4*x + 25 + 31, 5*x - 12 = -4*s. Suppose -l - s = -17. What is the highest common factor of l and 477?
9
Let t = -214 + 107. Let y = t - -188. Calculate the highest common divisor of 3 and y.
3
Suppose -4*q + 148 = 4*u - 4, 2*q + u - 72 = 0. Suppose -5*v - 3*r + 157 = 0, 0 = -10*v + 11*v - 2*r - q. What is the greatest common factor of v and 1056?
32
Let j be 1*(2/(-1) - -5). Let q be 408/9 + j/(-9). Let m be 19 + -1 + 108/9. What is the greatest common divisor of q and m?
15
Let g(j) = -j**2 + 13*j - 26. Let q be g(6). Suppose 2160 = -7*t + q*t. Calculate the greatest common factor of t and 20.
20
Let l(o) = -9*o + 172. Let d be l(25). Suppose -a - a + 112 = 0. Let w = d + a. What is the greatest common factor of 1 and w?
1
Let c be ((-41)/1)/(10 + -11). Let u be -44 + c - 9*-22. Calculate the greatest common divisor of u and 45.
15
Let x(q) = 71*q + 66. Let u be x(-2). Let t be u/(-342) + 1436/18. Calculate the highest common divisor of t and 5.
5
Let o(c) = -c**3 + 10*c**2 - 8*c + 2. Let f be o(9). Let p be (50/(-75))/(2/(-54)). Let s be 3/(p/33)*14. What is the highest common divisor of f and s?
11
Let j = -9321 - -9341. Let o(c) = -9*c + 5. Let w be o(-5). What is the highest common divisor of w and j?
10
Let y be 12*6 - (-7 - -7). Suppose -18*g + y = -162. Calculate the highest common factor of g and 299.
13
Let u(q) = 1032*q + 125915. Let o be u(-122). Let z(n) = -n + 10 - 2 + 7*n. Let a be z(6). What is the highest common divisor of a and o?
11
Suppose -140 = 69*o - 70*o - 34. Calculate the highest common divisor of o and 7738.
106
Let r = -11572 + 16473. Calculate the highest common factor of 29 and r.
29
Let r(z) = -z**3 - 20*z**2 - 52*z - 45. Let v be r(-22). Calculate the greatest common divisor of v and 156.
39
Let d be 44/10 + (-12)/30. Let z be 1 + 60/(d - 2). Let m(x) = -x**3 - 14*x**2 - 27*x - 5. Let h be m(-12). What is the highest common factor of z and h?
31
Let t = 340 - 188. Suppose 210 = -137*c + t*c. What is the highest common factor of 476 and c?
14
Let y be (28*35/2450)/((-2)/(-4340)). What is the greatest common divisor of y and 238?
14
Let l(b) = b**3 - 42*b**2 + 59*b - 2328. Let o be l(44). Calculate the greatest common divisor of 552 and o.
276
Let u = -14167 + 14983. Calculate the highest common factor of 204 and u.
204
Let c = 23 + -21. Suppose 9 = 3*f, -c*f - 69 = -2*v + 3*f. Calculate the highest common divisor of 210 and v.
42
Let u(z) = -9*z + 4*z + 136 - 60. Let v be u(13). What is the greatest common factor of 55 and v?
11
Let d be (39*1)/((-3)/(-4)). Suppose -93*u + 92*u + 45 = 0. Let s = d - u. Calculate the greatest common factor of s and 63.
7
Suppose -3710*i + 3706*i + 1988 = 0. Let v = -463 + i. Let h be (-1)/3 + 205/3. What is the greatest common divisor of v and h?
34
Let t(g) be the second derivative of -g**5/20 + g**4/6 - g**3/2 + 133*g**2 - 160*g. Let a be t(0). What is the highest common divisor of a and 76?
38
Suppose 0*c = -3*c. Let n(j) = 173*j - 18. Let t be n(1). Suppose z + c*q = 5*q + t, -2*z - q + 266 = 0. What is the highest common divisor of z and 90?
45
Let j be ((-44)/66)/((-2)/27). Suppose 0 = -11*b + 10*b, 0 = -z + 2*b + 225. What is the greatest common factor of z and j?
9
Suppose -906 + 234 = -8*s. Let o be -4 + s + 2 + 3. What is the highest common divisor of o and 17?
17
Suppose 5*c + f - 2530 = 0, 213*f + 2000 = 4*c + 209*f. What is the highest common divisor of c and 20?
5
Let t(a) = 396*a**2 + 80*a - 346. Let y be t(5). Calculate the highest common divisor of y and 126.
126
Let k = 316 + -918. Let g = k - -637. Calculate the greatest common factor of 28 and g.
7
Suppose -5*j + 25 = 0, -912 - 305 = -4*k - j. Calculate the greatest common factor of k and 1717.
101
Suppose -89*c = -35*c + 88*c - 215698. What is the greatest common factor of 98 and c?
49
Suppose s = -2*s + 75. Suppose -s = -a - 7. Let f be (495/(-12))/(-55)*(-8)/(-3). Calculate the highest common factor of f and a.
2
Let o be (-1 - 20/(-8)) + (-3)/(-2). Let c(y) = -o*y**3 - 3 + 6*y**2 + 0 - 1 + 2 + 6*y. Let p be c(-2). What is the greatest common factor of 170 and p?
34
Let k = 557 - 549. Let l be 10*68/k*(-2)/(-5). What is the highest common factor of l and 238?
34
Let s(z) = -z**2 + 24*z - 75. Let i be s(20). Let q be 1/i - (552/(-15) - -5). Calculate the greatest common factor of 12 and q.
4
Suppose -464*q - 77714 = -513*q. Calculate the highest common divisor of 52 and q.
26
Let f(g) = 2*g**2 - 7*g - 16. Suppose -3*u + 16 = a, -2*a + u - 66 = -7*a. Let h be f(a). What is the greatest common factor of h and 11?
11
Suppose 6*z - 61 = 5. Let b be 142 + -4*1/(-4). Calculate the greatest common factor of b and z.
11
Let v(w) = 91*w. Let o be v(1). Let m(j) = 7*j + 13. Let c be (-12)/18 - (-10)/15. Let g be m(c). Calculate the highest common divisor of o and g.
13
Let t(h) = 19*h**3 + 3*h**2 - 10*h + 6. Let p be t(1). What is the greatest common factor of p and 2097?
9
Let f(w) = 17*w - 107. Let p be f(7). Let z be (1020 + 3)*(88/p)/11. What is the greatest common divisor of z and 62?
62
Suppose -x = -4*x + 9. Suppose 0*p + 310 = 4*f + 2*p, -x*p = -3*f + 255. Let d be (2 + 78/(-15))*-10. What is the greatest common divisor of f and d?
16
Suppose -2 = -2*b - 0, 5*o - 839 = b. Let c be 20 - (1 - (12/(-4) + 5))*-6. What is the greatest common divisor of c and o?
14
Suppose 0 = 2*b - 2*g - 40, -b - g + 3*g = -17. Suppose 18*j = b*j - 20. Suppose -5*x + j*x = -165. What is the greatest common factor of x and 33?
33
Let i = -635 - -634. Let y be 2/1*-1*4. L